{"id":802,"date":"2018-10-31T11:27:45","date_gmt":"2018-10-31T10:27:45","guid":{"rendered":"https:\/\/ostinato.fr\/?page_id=802"},"modified":"2025-05-14T10:15:58","modified_gmt":"2025-05-14T08:15:58","slug":"temoignages","status":"publish","type":"page","link":"https:\/\/ostinato.fr\/index.php\/temoignages\/","title":{"rendered":"T\u00e9moignages"},"content":{"rendered":"\n<div class=\"ghostkit-grid ghostkit-grid-gap-md\"><div class=\"ghostkit-grid-inner\">\n<div class=\"ghostkit-col ghostkit-col-md-12 ghostkit-col-6\"><div class=\"ghostkit-col-content is-layout-flow wp-block-grid-column-is-layout-flow\">\n<h2 class=\"wp-block-heading has-text-align-center\" id=\"cela-m-a-permis-d-apprendre-le-metier-de-l-interieur\">\u00ab\u00a0Cela m&rsquo;a permis d&rsquo;apprendre le m\u00e9tier \u00ab\u00a0de l&rsquo;int\u00e9rieur\u00a0\u00bb\u00a0\u00bb<\/h2>\n\n\n<div class=\"wp-block-image\">\n<figure class=\"aligncenter size-full is-resized\"><img loading=\"lazy\" decoding=\"async\" width=\"703\" height=\"713\" src=\"https:\/\/ostinato.fr\/wp-content\/uploads\/2024\/11\/Capture-decran-2024-11-05-101030.png\" alt=\"\" class=\"wp-image-4552\" style=\"width:268px;height:auto\" srcset=\"https:\/\/ostinato.fr\/wp-content\/uploads\/2024\/11\/Capture-decran-2024-11-05-101030.png 703w, https:\/\/ostinato.fr\/wp-content\/uploads\/2024\/11\/Capture-decran-2024-11-05-101030-296x300.png 296w\" sizes=\"(max-width: 703px) 100vw, 703px\" \/><\/figure><\/div><\/div><\/div>\n\n\n\n<div class=\"ghostkit-col ghostkit-col-md-12 ghostkit-col-6\"><div class=\"ghostkit-col-content is-layout-flow wp-block-grid-column-is-layout-flow\">\n<h2 class=\"wp-block-heading has-text-align-center\" id=\"ostinato-m-a-formee-au-metier-de-musicienne-1\">\u00ab\u00a0Ostinato m\u2019a form\u00e9e au m\u00e9tier de musicienne\u00a0\u00bb<\/h2>\n\n\n\n<div style=\"height:61px\" aria-hidden=\"true\" class=\"wp-block-spacer\"><\/div>\n\n\n<div class=\"wp-block-image\">\n<figure class=\"aligncenter\"><img loading=\"lazy\" decoding=\"async\" width=\"780\" height=\"520\" src=\"https:\/\/ostinato.fr\/wp-content\/uploads\/2018\/10\/Home-_-t\u00e9moignage-_Clara-FB_IMG_1488213781218-e1544523331421.jpg\" alt=\"\" class=\"wp-image-643\"\/><\/figure><\/div><\/div><\/div>\n<\/div><\/div>\n\n\n\n<div class=\"ghostkit-grid ghostkit-grid-gap-md\"><div class=\"ghostkit-grid-inner\">\n<div class=\"ghostkit-col ghostkit-col-md-12 ghostkit-col-6\"><div class=\"ghostkit-col-content is-layout-flow wp-block-grid-column-is-layout-flow\">\n<p><strong>Ostinato m&rsquo;a permis de m&rsquo;essayer \u00e0 diff\u00e9rents r\u00e9pertoires dans un temps assez court<\/strong>. Faire de l&rsquo;orchestre symphonique en conservatoire en tant qu&rsquo;instrumentiste \u00e0 vent est assez compliqu\u00e9, car nous sommes tr\u00e8s nombreux et les places sont rares. Cela nous laisse assez peu l&rsquo;occasion de voir diff\u00e9rents styles ou de s&rsquo;essayer \u00e0 plusieurs postes. Ostinato a \u00e9t\u00e9 pour moi un bon moyen de tester le r\u00f4le de clarinette solo, de seconde clarinette, mais aussi de petite clarinette et de clarinette basse, dans un temps assez court (donc avec une efficacit\u00e9 proche de celle du monde professionnel) mais avec la tol\u00e9rance et l&rsquo;encadrement d&rsquo;un orchestre de formation. J&rsquo;ai trouv\u00e9 la pr\u00e9sence d&rsquo;un musicien pour nous encadrer au sein du pupitre inspirante, car cela m&rsquo;a permis d&rsquo;apprendre le m\u00e9tier \u00ab de l&rsquo;int\u00e9rieur \u00bb  et par le biais de quelqu&rsquo;un de passionn\u00e9, et pas seulement par les conseils d&rsquo;un chef.<br><mark style=\"background-color:rgba(0, 0, 0, 0)\" class=\"has-inline-color has-black-color\"><a href=\"https:\/\/ostinato.fr\/index.php\/lintuition-dun-grand-chef-dorchestre-manuel-rosenthal\/\" data-type=\"link\" data-id=\"https:\/\/ostinato.fr\/index.php\/lintuition-dun-grand-chef-dorchestre-manuel-rosenthal\/\"><strong>Le concours Rosenthal<\/strong><\/a> <\/mark>fut une bonne occasion, pour mon quatuor et moi, d&rsquo;exp\u00e9rimenter le format de spectacle et de sortir des formes de concert classiques, en travaillant avec une com\u00e9dienne professionnelle, et de tester tout cela devant un public. <strong>Malou Mourot, clarinettiste de l&rsquo;Orchestre Ostinato en 3\u00e8me ann\u00e9e<\/strong><\/p>\n<\/div><\/div>\n\n\n\n<div class=\"ghostkit-col ghostkit-col-md-12 ghostkit-col-6\"><div class=\"ghostkit-col-content is-layout-flow wp-block-grid-column-is-layout-flow\">\n<p><strong>L\u2019Orchestre Ostinato a \u00e9t\u00e9 un \u00e9l\u00e9ment essentiel dans ma professionnalisation<\/strong> au m\u00e9tier de musicienne d&rsquo;orchestre. Lors des \u00e9tudes en conservatoire, il y a beaucoup de r\u00e9p\u00e9titions \u00e9tal\u00e9es dans le temps pour pr\u00e9parer un concert. A Ostinato les plannings de r\u00e9p\u00e9titions sont similaires \u00e0 ceux des orchestres professionnels. Il faut aussi savoir que lorsqu&rsquo;on passe les concours, les orchestres attendent des musiciens qu\u2019ils soient d\u00e9j\u00e0 form\u00e9s au m\u00e9tier de l&rsquo;orchestre. Ostinato a \u00e9t\u00e9 en avance sur les conservatoires qui ne proposent que depuis tr\u00e8s peu de temps des formations de ce genre. J&rsquo;ai \u00e9galement pu b\u00e9n\u00e9ficier des conseils de responsables p\u00e9dagogiques prestigieux qui m&rsquo;ont aid\u00e9e lors de<em> masterclass<\/em>&nbsp;\u00e0 travailler en fonction des attentes d&rsquo;un jury d&rsquo;orchestre. Le fait d&rsquo;\u00eatre r\u00e9mun\u00e9r\u00e9e est aussi singulier, tr\u00e8s peu de formations au m\u00e9tier d&rsquo;orchestre r\u00e9mun\u00e8rent les jeunes. Cela m&rsquo;a permis de financer en partie mon instrument. En r\u00e9sum\u00e9, Ostinato m&rsquo;a form\u00e9e au m\u00e9tier de musicienne d&rsquo;orchestre, m&rsquo;a aid\u00e9e \u00e0 financer mes \u00e9tudes et mon instrument, m&rsquo;a donn\u00e9 des contacts professionnels et de l&rsquo;exp\u00e9rience. <strong>Clara Lef\u00e8vre-Perriot, altiste \u00e0 l\u2019Orchestre Philharmonique de Radio France<\/strong><\/p>\n<\/div><\/div>\n<\/div><\/div>\n\n\n\n<h2 class=\"wp-block-heading\" id=\"portrait-d-astrig-siranossian\">Portrait d&rsquo;Astrig Siranossian<\/h2>\n\n\n\n<div class=\"ghostkit-divider ghostkit-divider-type-solid ghostkit-custom-Z22DaDe\"><\/div>\n\n\n\n<figure class=\"wp-block-gallery alignleft has-nested-images columns-default is-cropped wp-block-gallery-1 is-layout-flex wp-block-gallery-is-layout-flex\">\n<figure class=\"wp-block-image size-large\"><img loading=\"lazy\" decoding=\"async\" width=\"868\" height=\"868\" data-id=\"3014\" src=\"https:\/\/ostinato.fr\/wp-content\/uploads\/2020\/01\/AEE4A121-014D-48FE-8153-321AB103C869.jpg\" alt=\"\" class=\"wp-image-3014\" srcset=\"https:\/\/ostinato.fr\/wp-content\/uploads\/2020\/01\/AEE4A121-014D-48FE-8153-321AB103C869.jpg 868w, https:\/\/ostinato.fr\/wp-content\/uploads\/2020\/01\/AEE4A121-014D-48FE-8153-321AB103C869-300x300.jpg 300w, https:\/\/ostinato.fr\/wp-content\/uploads\/2020\/01\/AEE4A121-014D-48FE-8153-321AB103C869-150x150.jpg 150w, https:\/\/ostinato.fr\/wp-content\/uploads\/2020\/01\/AEE4A121-014D-48FE-8153-321AB103C869-768x768.jpg 768w\" sizes=\"(max-width: 868px) 100vw, 868px\" \/><\/figure>\n<\/figure>\n\n\n\n<p><strong>Astrig Siranossian<\/strong>, <strong>violoncelliste<\/strong>, t\u00e9moigne de son attachement \u00e0 Ostinato<\/p>\n\n\n\n<p><em>\u00ab&nbsp;Toujours servir la musique et ne jamais s\u2019en servir&nbsp;\u00bb<\/em><\/p>\n\n\n\n<p><strong>Si vous deviez d\u00e9crire en quelques mots votre exp\u00e9rience de concert avec les musiciens d\u2019Ostinato\u2026.<\/strong><\/p>\n\n\n\n<p>J\u2019ai constat\u00e9 qu\u2019il y a au sein de l\u2019Orchestre Ostinato avec lequel j&rsquo;ai jou\u00e9 le <em>Concerto de Saint-Sa\u00ebns<\/em>, beaucoup de partage et de bienveillance. L\u2019ambiance est tr\u00e8s bonne. Les musiciens&nbsp;font part d&rsquo;une grande ouverture d\u2019esprit, et beaucoup de curiosit\u00e9. Ce fut un grand moment de partage, agr\u00e9able, tr\u00e8s humain.<\/p>\n\n\n\n<p><strong>Si vous deviez expliquer en quoi il est diff\u00e9rent de jouer avec un orchestre de jeunes professionnels?<\/strong><\/p>\n\n\n\n<p>Il y a beaucoup de passion qui se ressent dans les orchestres de jeunes, une envie d\u2019apprendre, une curiosit\u00e9 et beaucoup de camaraderie dans le jeu. C\u2019est peut \u00eatre quelque chose qui se perd quand on devient trop professionnel. Par ailleurs, lorsqu\u2019on joue avec des orchestres professionnels, on travaille sur une base de travail qui a d\u00e9j\u00e0 \u00e9t\u00e9 d\u00e9velopp\u00e9e par ces musiciens. Or, avec un orchestre de jeunes il est tr\u00e8s int\u00e9ressant de pouvoir cr\u00e9er, on part sur une mati\u00e8re humaine, musicale et brute.&nbsp;On ressent peut \u00eatre plus une joie de jouer, une joie de la musique.<\/p>\n\n\n\n<p><strong>Si vous deviez rejouer avec Ostinato, quelle oeuvre choisiriez-vous?<\/strong><\/p>\n\n\n\n<p>Je pense que je laisserais le choix \u00e0 l\u2019orchestre, que l\u2019oeuvre soit utile pour eux, qu\u2019elle&nbsp; puisse les former. Les concertos pour violoncelle ne sont pas facile \u00e0 accompagner, c\u2019est donc un bon exercice pour eux. Mais si je devais choisir, je penserais \u00e0 un concerto classique comme Haydn, car l\u2019orchestre a une place importante dans ce type d\u2019oeuvre, il n\u2019est pas seulement un accompagnant.<\/p>\n\n\n\n<p><strong>Vous menez principalement une carri\u00e8re de soliste mais \u00eates \u00e9galement violoncelle solo au West-Eastern Divan Orchestra, quel conseil donneriez-vous \u00e0 un futur musicien d\u2019orchestre professionnel?<\/strong><\/p>\n\n\n\n<p>Je lui dirai de ne jamais oublier pourquoi il fait de la musique, de ne pas percevoir son m\u00e9tier comme une routine. De plus, il est important de conserver une certaine rigueur car les concours d\u2019orchestre sont tr\u00e8s difficiles, il faut trouver une balance entre la technique et la musicalit\u00e9. Il faut toujours servir la musique et ne jamais s\u2019en servir. <strong>Astrig Siranossian<\/strong> <a href=\"http:\/\/www.astrigsiranossian.com\/fr\/\">http:\/\/www.astrigsiranossian.com\/fr\/<\/a><\/p>\n\n\n\n<h2 class=\"wp-block-heading\" id=\"porter-la-musique-a-tout-le-monde\">\u00ab\u00a0Porter la musique \u00e0 tout le monde\u00a0\u00bb<\/h2>\n\n\n<div class=\"wp-block-image\">\n<figure class=\"alignleft is-resized\"><a href=\"https:\/\/ostinato.fr\/wp-content\/uploads\/2018\/10\/T\u00e9moignage.jpg\" data-rel=\"lightbox-image-0\" data-rl_title=\"\" data-rl_caption=\"\" title=\"\"><img loading=\"lazy\" decoding=\"async\" width=\"622\" height=\"418\" src=\"https:\/\/ostinato.fr\/wp-content\/uploads\/2018\/10\/T\u00e9moignage.jpg\" alt=\"\" class=\"wp-image-642\" style=\"width:218px;height:146px\" srcset=\"https:\/\/ostinato.fr\/wp-content\/uploads\/2018\/10\/T\u00e9moignage.jpg 622w, https:\/\/ostinato.fr\/wp-content\/uploads\/2018\/10\/T\u00e9moignage-300x202.jpg 300w\" sizes=\"(max-width: 622px) 100vw, 622px\" \/><\/a><\/figure><\/div>\n\n\n<p>Sur les traces de sa s\u0153ur a\u00een\u00e9e, pianiste (et altiste \u00e0 l\u2019Orchestre Atelier Ostinato), Lydie d\u00e9bute le violon au conservatoire. La musique devient vite une affaire de famille dans cette fratrie de 8 enfants. A mesure qu\u2019elle progresse, la formation en conservatoire devient ennuyeuse pour Lydie qui aspire \u00e0 int\u00e9grer un orchestre : \u00ab\u00a0J\u2019adore jouer pour les gens, leur partager ce que je ressens, c\u2019est tr\u00e8s important\u00a0\u00bb. Lydie passe donc les auditions de l\u2019Orchestre Atelier Ostinato et int\u00e8gre la formation. Elle appr\u00e9cie alors cette exp\u00e9rience d\u2019orchestre exigeante, o\u00f9 il est cependant fait confiance aux jeunes musiciens et o\u00f9 on leur donne les valeurs et la formation n\u00e9cessaires pour passer les grands concours d\u2019orchestre. \u00ab L\u2019atout d\u2019Ostinato est de nous permettre d\u2019acqu\u00e9rir l\u2019automatisme de nous ajuster aux directions d\u2019orchestre diff\u00e9rentes selon les chefs d\u2019orchestre invit\u00e9s tout au long de l\u2019ann\u00e9e. Cela nous donne l\u2019occasion de monter tr\u00e8s vite les programmes, de nous adapter aux \u0153uvres diff\u00e9rentes \u00bb. Que pense-t-elle de jouer devant des personnes isol\u00e9es et seules ? Le visage de Lydie s\u2019\u00e9claire : \u00ab C\u2019est une tr\u00e8s bonne id\u00e9e, car tout le monde ne peut pas assister \u00e0 des concerts, c\u2019est important humainement que les gens aient cette possibilit\u00e9, je pratique ce partage avec ma famille \u00bb. <strong>Lydie, violoniste, 22 ans<\/strong><br><\/p>\n\n\n\n<p><\/p>\n","protected":false},"excerpt":{"rendered":"<p>Portrait d&rsquo;Astrig Siranossian Astrig Siranossian, violoncelliste, t\u00e9moigne de son attachement \u00e0 Ostinato \u00ab&nbsp;Toujours servir la musique et ne jamais s\u2019en servir&nbsp;\u00bb Si vous deviez d\u00e9crire en quelques mots votre exp\u00e9rience<\/p><\/div>\n<div class=\"blog-btn\"><a href=\"https:\/\/ostinato.fr\/index.php\/temoignages\/\" class=\"home-blog-btn\">Lire la suite<\/a><\/p>\n","protected":false},"author":1,"featured_media":0,"parent":0,"menu_order":0,"comment_status":"closed","ping_status":"closed","template":"","meta":{"sfsi_plus_gutenberg_text_before_share":"","sfsi_plus_gutenberg_show_text_before_share":"","sfsi_plus_gutenberg_icon_type":"","sfsi_plus_gutenberg_icon_alignemt":"","sfsi_plus_gutenburg_max_per_row":"","ghostkit_customizer_options":"","ghostkit_custom_css":"","ghostkit_custom_js_head":"","ghostkit_custom_js_foot":"","ghostkit_typography":"","_mi_skip_tracking":false,"footnotes":""},"_links":{"self":[{"href":"https:\/\/ostinato.fr\/index.php\/wp-json\/wp\/v2\/pages\/802"}],"collection":[{"href":"https:\/\/ostinato.fr\/index.php\/wp-json\/wp\/v2\/pages"}],"about":[{"href":"https:\/\/ostinato.fr\/index.php\/wp-json\/wp\/v2\/types\/page"}],"author":[{"embeddable":true,"href":"https:\/\/ostinato.fr\/index.php\/wp-json\/wp\/v2\/users\/1"}],"replies":[{"embeddable":true,"href":"https:\/\/ostinato.fr\/index.php\/wp-json\/wp\/v2\/comments?post=802"}],"version-history":[{"count":23,"href":"https:\/\/ostinato.fr\/index.php\/wp-json\/wp\/v2\/pages\/802\/revisions"}],"predecessor-version":[{"id":4821,"href":"https:\/\/ostinato.fr\/index.php\/wp-json\/wp\/v2\/pages\/802\/revisions\/4821"}],"wp:attachment":[{"href":"https:\/\/ostinato.fr\/index.php\/wp-json\/wp\/v2\/media?parent=802"}],"curies":[{"name":"wp","href":"https:\/\/api.w.org\/{rel}","templated":true}]}}