{"id":3328,"date":"2021-01-20T12:04:22","date_gmt":"2021-01-20T11:04:22","guid":{"rendered":"https:\/\/ostinato.fr\/?page_id=3328"},"modified":"2023-02-02T16:02:23","modified_gmt":"2023-02-02T15:02:23","slug":"agir-pour-la-planete","status":"publish","type":"page","link":"https:\/\/ostinato.fr\/index.php\/agir-pour-la-planete\/","title":{"rendered":"Agir pour la plan\u00e8te"},"content":{"rendered":"\r\n<div class=\"wp-block-image\">\r\n<figure class=\"aligncenter size-large is-resized\"><img loading=\"lazy\" decoding=\"async\" class=\"wp-image-3322\" src=\"https:\/\/ostinato.fr\/wp-content\/uploads\/2021\/01\/OAO-cre\u0301e\u0301-sa-charte-e\u0301co-responsable-scaled-e1611138655773-994x1024.jpg\" alt=\"\" width=\"249\" height=\"256\" srcset=\"https:\/\/ostinato.fr\/wp-content\/uploads\/2021\/01\/OAO-cre\u0301e\u0301-sa-charte-e\u0301co-responsable-scaled-e1611138655773-994x1024.jpg 994w, https:\/\/ostinato.fr\/wp-content\/uploads\/2021\/01\/OAO-cre\u0301e\u0301-sa-charte-e\u0301co-responsable-scaled-e1611138655773-291x300.jpg 291w, https:\/\/ostinato.fr\/wp-content\/uploads\/2021\/01\/OAO-cre\u0301e\u0301-sa-charte-e\u0301co-responsable-scaled-e1611138655773-768x791.jpg 768w, https:\/\/ostinato.fr\/wp-content\/uploads\/2021\/01\/OAO-cre\u0301e\u0301-sa-charte-e\u0301co-responsable-scaled-e1611138655773-1492x1536.jpg 1492w, https:\/\/ostinato.fr\/wp-content\/uploads\/2021\/01\/OAO-cre\u0301e\u0301-sa-charte-e\u0301co-responsable-scaled-e1611138655773-1320x1359.jpg 1320w, https:\/\/ostinato.fr\/wp-content\/uploads\/2021\/01\/OAO-cre\u0301e\u0301-sa-charte-e\u0301co-responsable-scaled-e1611138655773.jpg 1715w\" sizes=\"(max-width: 249px) 100vw, 249px\" \/><\/figure>\r\n<\/div>\r\n\r\n\r\n\r\n<p class=\"has-background\" style=\"background-color: #ebf1f4;\">L&rsquo;Orchestre atelier Ostinato et ses 80 jeunes musicien.ne.s soucieux de leur environnement ont d\u00e9cid\u00e9 d&rsquo;agir \u00e0 leur \u00e9chelle pour un spectacle vivant plus responsable. Ils et elles se sont organis\u00e9.e.s en groupe de travail et ont r\u00e9dig\u00e9 leur premi\u00e8re charte qui a \u00e9t\u00e9 sign\u00e9e par l&rsquo;ensemble des musicien.ne.s.<\/p>\r\n\r\n\r\n\r\n<p>&nbsp;<\/p>\r\n\r\n\r\n\r\n<div class=\"wp-block-file\"><a href=\"https:\/\/ostinato.fr\/wp-content\/uploads\/2021\/01\/Charte-de\u0301veloppement-durable-OAO-CFMO-200121-1.pdf\"><br \/><span class=\"has-inline-color has-luminous-vivid-orange-color\">Charte-de\u0301veloppement-durable-OAO-CFMO-200121-1<\/span><\/a><a class=\"wp-block-file__button\" href=\"https:\/\/ostinato.fr\/wp-content\/uploads\/2021\/01\/Charte-de\u0301veloppement-durable-OAO-CFMO-200121-1.pdf\" download=\"\">T\u00e9l\u00e9charger<\/a><\/div>\r\n\r\n\r\n\r\n<p>&nbsp;<\/p>\r\n\r\n\r\n\r\n<p>&nbsp;<\/p>\r\n\r\n\r\n\r\n<p>L&rsquo;Orchestre atelier Ostinato \u00e0 travers Emmanuelle Duthu, sa directrice, est membre fondateur d<a href=\"https:\/\/arviva.org\/\">&lsquo;Arviva, arts vivants arts durables<\/a><\/p>\r\n\r\n\r\n\r\n<figure class=\"wp-block-image size-large\"><img loading=\"lazy\" decoding=\"async\" class=\"wp-image-3972 aligncenter\" src=\"https:\/\/ostinato.fr\/wp-content\/uploads\/2023\/02\/Arviva-\u2014-Logo_principal-1536x680-1-300x133.png\" alt=\"\" width=\"514\" height=\"228\" srcset=\"https:\/\/ostinato.fr\/wp-content\/uploads\/2023\/02\/Arviva-\u2014-Logo_principal-1536x680-1-300x133.png 300w, https:\/\/ostinato.fr\/wp-content\/uploads\/2023\/02\/Arviva-\u2014-Logo_principal-1536x680-1-1024x453.png 1024w, https:\/\/ostinato.fr\/wp-content\/uploads\/2023\/02\/Arviva-\u2014-Logo_principal-1536x680-1-768x340.png 768w, https:\/\/ostinato.fr\/wp-content\/uploads\/2023\/02\/Arviva-\u2014-Logo_principal-1536x680-1-1320x584.png 1320w, https:\/\/ostinato.fr\/wp-content\/uploads\/2023\/02\/Arviva-\u2014-Logo_principal-1536x680-1.png 1536w\" sizes=\"(max-width: 514px) 100vw, 514px\" \/><\/figure>\r\n\r\n\r\n\r\n<p>&nbsp;<\/p>\r\n\r\n\r\n\r\n<p>&nbsp;<\/p>\r\n","protected":false},"excerpt":{"rendered":"<p>L&rsquo;Orchestre atelier Ostinato et ses 80 jeunes musicien.ne.s soucieux de leur environnement ont d\u00e9cid\u00e9 d&rsquo;agir \u00e0 leur \u00e9chelle pour un spectacle vivant plus responsable. Ils et elles se sont organis\u00e9.e.s<\/p><\/div>\n<div class=\"blog-btn\"><a href=\"https:\/\/ostinato.fr\/index.php\/agir-pour-la-planete\/\" class=\"home-blog-btn\">Lire la suite<\/a><\/p>\n","protected":false},"author":2,"featured_media":0,"parent":0,"menu_order":0,"comment_status":"closed","ping_status":"closed","template":"","meta":{"sfsi_plus_gutenberg_text_before_share":"","sfsi_plus_gutenberg_show_text_before_share":"","sfsi_plus_gutenberg_icon_type":"","sfsi_plus_gutenberg_icon_alignemt":"","sfsi_plus_gutenburg_max_per_row":"","ghostkit_customizer_options":"","ghostkit_custom_css":"","ghostkit_custom_js_head":"","ghostkit_custom_js_foot":"","ghostkit_typography":"","_mi_skip_tracking":false,"footnotes":""},"_links":{"self":[{"href":"https:\/\/ostinato.fr\/index.php\/wp-json\/wp\/v2\/pages\/3328"}],"collection":[{"href":"https:\/\/ostinato.fr\/index.php\/wp-json\/wp\/v2\/pages"}],"about":[{"href":"https:\/\/ostinato.fr\/index.php\/wp-json\/wp\/v2\/types\/page"}],"author":[{"embeddable":true,"href":"https:\/\/ostinato.fr\/index.php\/wp-json\/wp\/v2\/users\/2"}],"replies":[{"embeddable":true,"href":"https:\/\/ostinato.fr\/index.php\/wp-json\/wp\/v2\/comments?post=3328"}],"version-history":[{"count":10,"href":"https:\/\/ostinato.fr\/index.php\/wp-json\/wp\/v2\/pages\/3328\/revisions"}],"predecessor-version":[{"id":3974,"href":"https:\/\/ostinato.fr\/index.php\/wp-json\/wp\/v2\/pages\/3328\/revisions\/3974"}],"wp:attachment":[{"href":"https:\/\/ostinato.fr\/index.php\/wp-json\/wp\/v2\/media?parent=3328"}],"curies":[{"name":"wp","href":"https:\/\/api.w.org\/{rel}","templated":true}]}}

Agir pour la planète

<div class="wp-block-image">
<figure class="aligncenter size-large is-resized"><img loading="lazy" decoding="async" class="wp-image-3322" src="https://ostinato.fr/wp-content/uploads/2021/01/OAO-créé-sa-charte-éco-responsable-scaled-e1611138655773-994x1024.jpg" alt="" width="249" height="256" srcset="https://ostinato.fr/wp-content/uploads/2021/01/OAO-créé-sa-charte-éco-responsable-scaled-e1611138655773-994x1024.jpg 994w, https://ostinato.fr/wp-content/uploads/2021/01/OAO-créé-sa-charte-éco-responsable-scaled-e1611138655773-291x300.jpg 291w, https://ostinato.fr/wp-content/uploads/2021/01/OAO-créé-sa-charte-éco-responsable-scaled-e1611138655773-768x791.jpg 768w, https://ostinato.fr/wp-content/uploads/2021/01/OAO-créé-sa-charte-éco-responsable-scaled-e1611138655773-1492x1536.jpg 1492w, https://ostinato.fr/wp-content/uploads/2021/01/OAO-créé-sa-charte-éco-responsable-scaled-e1611138655773-1320x1359.jpg 1320w, https://ostinato.fr/wp-content/uploads/2021/01/OAO-créé-sa-charte-éco-responsable-scaled-e1611138655773.jpg 1715w" sizes="(max-width: 249px) 100vw, 249px" /></figure>
</div>



<p class="has-background" style="background-color: #ebf1f4;">L&rsquo;Orchestre atelier Ostinato et ses 80 jeunes musicien.ne.s soucieux de leur environnement ont décidé d&rsquo;agir à leur échelle pour un spectacle vivant plus responsable. Ils et elles se sont organisé.e.s en groupe de travail et ont rédigé leur première charte qui a été signée par l&rsquo;ensemble des musicien.ne.s.</p>



<p>&nbsp;</p>



<div class="wp-block-file"><a href="https://ostinato.fr/wp-content/uploads/2021/01/Charte-développement-durable-OAO-CFMO-200121-1.pdf"><br /><span class="has-inline-color has-luminous-vivid-orange-color">Charte-développement-durable-OAO-CFMO-200121-1</span></a><a class="wp-block-file__button" href="https://ostinato.fr/wp-content/uploads/2021/01/Charte-développement-durable-OAO-CFMO-200121-1.pdf" download="">Télécharger</a></div>



<p>&nbsp;</p>



<p>&nbsp;</p>



<p>L&rsquo;Orchestre atelier Ostinato à travers Emmanuelle Duthu, sa directrice, est membre fondateur d<a href="https://arviva.org/">&lsquo;Arviva, arts vivants arts durables</a></p>



<figure class="wp-block-image size-large"><img loading="lazy" decoding="async" class="wp-image-3972 aligncenter" src="https://ostinato.fr/wp-content/uploads/2023/02/Arviva-—-Logo_principal-1536x680-1-300x133.png" alt="" width="514" height="228" srcset="https://ostinato.fr/wp-content/uploads/2023/02/Arviva-—-Logo_principal-1536x680-1-300x133.png 300w, https://ostinato.fr/wp-content/uploads/2023/02/Arviva-—-Logo_principal-1536x680-1-1024x453.png 1024w, https://ostinato.fr/wp-content/uploads/2023/02/Arviva-—-Logo_principal-1536x680-1-768x340.png 768w, https://ostinato.fr/wp-content/uploads/2023/02/Arviva-—-Logo_principal-1536x680-1-1320x584.png 1320w, https://ostinato.fr/wp-content/uploads/2023/02/Arviva-—-Logo_principal-1536x680-1.png 1536w" sizes="(max-width: 514px) 100vw, 514px" /></figure>



<p>&nbsp;</p>



<p>&nbsp;</p>

<p>L&rsquo;Orchestre atelier Ostinato et ses 80 jeunes musicien.ne.s soucieux de leur environnement ont décidé d&rsquo;agir à leur échelle pour un spectacle vivant plus responsable. Ils et elles se sont organisé.e.s</p></div>
<div class="blog-btn"><a href="https://ostinato.fr/index.php/agir-pour-la-planete/" class="home-blog-btn">Lire la suite</a></p>
